the hundred thousands digit of 3806132716?
1
What is the hundred thousands digit of 15872233?
8
What is the tens digit of 315096883?
8
What is the millions digit of 34633373?
4
What is the thousands digit of 437586887?
6
What is the hundreds digit of 2926154?
1
What is the ten millions digit of 41581869?
4
What is the units digit of 385566023?
3
What is the ten millions digit of 40358744?
4
What is the hundreds digit of 9611950?
9
What is the hundreds digit of 87168520?
5
What is the hundreds digit of 4437852982?
9
What is the hundred thousands digit of 139142025?
1
What is the millions digit of 16875921?
6
What is the millions digit of 1131503460?
1
What is the units digit of 237633685?
5
What is the ten millions digit of 3227122902?
2
What is the hundred thousands digit of 37726070?
7
What is the millions digit of 59239832?
9
What is the ten thousands digit of 51314015?
1
What is the millions digit of 289737987?
9
What is the tens digit of 306604331?
3
What is the thousands digit of 1246650037?
0
What is the tens digit of 924745572?
7
What is the ten millions digit of 109356071?
0
What is the hundred millions digit of 2753218551?
7
What is the hundreds digit of 2841774268?
2
What is the hundred thousands digit of 888496477?
4
What is the tens digit of 68252030?
3
What is the units digit of 498131164?
4
What is the hundreds digit of 299744903?
9
What is the hundred thousands digit of 51025006?
0
What is the tens digit of 7065403?
0
What is the units digit of 2708897561?
1
What is the hundred millions digit of 114907651?
1
What is the millions digit of 563192118?
3
What is the ten thousands digit of 720323674?
2
What is the units digit of 6809556?
6
What is the hundreds digit of 4783680219?
2
What is the hundreds digit of 417990154?
1
What is the thousands digit of 4226874227?
4
What is the hundred thousands digit of 6341311?
3
What is the hundred millions digit of 1714669103?
7
What is the millions digit of 48050933?
8
What is the ten thousands digit of 430859054?
5
What is the ten millions digit of 120595590?
2
What is the hundred millions digit of 113788862?
1
What is the units digit of 96845754?
4
What is the hundred thousands digit of 162364514?
3
What is the thousands digit of 89671495?
1
What is the ten thousands digit of 944844750?
4
What is the hundred thousands digit of 3143533375?
5
What is the ten millions digit of 946634625?
4
What is the millions digit of 6348693?
6
What is the hundred millions digit of 4253209657?
2
What is the hundred millions digit of 131663843?
1
What is the units digit of 205744543?
3
What is the ten thousands digit of 25820193?
2
What is the hundred millions digit of 1415928949?
4
What is the thousands digit of 7565983?
5
What is the tens digit of 883555558?
5
What is the units digit of 49987945?
5
What is the tens digit of 6883977?
7
What is the ten millions digit of 154030275?
5
What is the thousands digit of 2527059773?
9
What is the tens digit of 824116561?
6
What is the tens digit of 2398008370?
7
What is the ten millions digit of 821508732?
2
What is the ten thousands digit of 18634504?
3
What is the thousands digit of 145780980?
0
What is the tens digit of 189297368?
6
What is the hundred thousands digit of 493370433?
3
What is the hundreds digit of 743721406?
4
What is the thousands digit of 340528401?
8
What is the units digit of 1263642?
2
What is the thousands digit of 38814568?
4
What is the millions digit of 115627651?
5
What is the thousands digit of 500263321?
3
What is the tens digit of 707823224?
2
What is the ten millions digit of 287708957?
8
What is the thousands digit of 1075546651?
6
What is the tens digit of 12176519?
1
What is the millions digit of 62654931?
2
What is the ten thousands digit of 603396458?
9
What is the hundred millions digit of 103207865?
1
What is the tens digit of 862043938?
3
What is the units digit of 10441453?
3
What is the thousands digit of 565204202?
4
What is the units digit of 642510605?
5
What is the units digit of 85538447?
7
What is the billions digit of 1100187338?
1
What is the tens digit of 2228147422?
2
What is the millions digit of 68824431?
8
What is the hundred thousands digit of 339010837?
0
What is the millions digit of 57741830?
7
What is the ten thousands digit of 147420645?
2
What is the units digit of 1957211211?
1
What is the units digit of 757867900?
0
What is the hundred thousands digit of 583682926?
6
What is the hundreds digit of 39780699?
6
What is the hundred thousands digit of 84735537?
7
What is the hundreds digit of 1289105991?
9
What is the ten thousands digit of 1083200060?
0
What is the millions digit of 2743446073?
3
What is the units digit of 25254256?
6
What is the tens digit of 26742782?
8
What is the ten millions digit of 876456836?
7
What is the ten thousands digit of 352776789?
7
What is the hundred thousands digit of 117661237?
6
What is the millions digit of 1541328682?
1
What is the millions digit of 10059211?
0
What is the tens digit of 84340877?
7
What is the millions digit of 61530851?
1
What is the tens digit of 10992259?
5
What is the hundred thousands digit of 2187384401?
3
What is the tens digit of 43367648?
4
What is the tens digit of 2193839352?
5
What is the thousands digit of 43898504?
8
What is the ten thousands digit of 179001850?
0
What is the hundred thousands digit of 482626111?
6
What is the thousands digit of 2830976886?
6
What is the thousands digit of 26348339?
8
What is the ten millions digit of 71843394?
7
What is the hundred thousands digit of 21825074?
8
What is the millions digit of 1827166283?
7
What is the thousands digit of 23273795?
3
What is the hundred millions digit of 152368904?
1
What is the tens digit of 3023343509?
0
What is the tens digit of 368700742?
4
What is the tens digit of 1893251015?
1
What is the hundred thousands digit of 1294659094?
6
What is the tens digit of 35066595?
9
What is the millions digit of 2008029284?
8
What is the hundreds digit of 584206853?
8
What is the thousands digit of 45202101?
2
What is the billions digit of 2311266804?
2
What is the ten millions digit of 55443895?
5
What is the ten millions digit of 49307137?
4
What is the hundred thousands digit of 185920837?
9
What is the ten thousands digit of 3243511296?
1
What is the millions digit of 56084614?
6
What is the millions digit of 1532501606?
2
What is the ten thousands digit of 1481507592?
0
What is the tens digit of 58561171?
7
What is the tens digit of 73878837?
3
What is the thousands digit of 50012165?
2
What is the thousands digit of 314933686?
3
What is the units digit of 292645373?
3
What is the hundreds digit of 1537972382?
3
What is the hundreds digit of 740326223?
2
What is the tens digit of 3204475715?
1
What is the ten thousands digit of 2554075520?
7
What is the tens digit of 13581820?
2
What is the ten thousands digit of 119463482?
6
What is the thousands digit of 1259404897?
4
What is the ten thousands digit of 895131444?
3
What is the hundreds digit of 61371184?
1
What is the ten thousands digit of 4196313082?
1
What is the thousands digit of 979537749?
7
What is the ten thousands digit of 1604695130?
9
What is the ten millions digit of 69548174?
6
What is the hundred thousands digit of 53595512?
5
What is the tens digit of 1711578140?
4
What is the tens digit of 21329187?
8
What is the hundred millions digit of 400930060?
4
What is the hundred millions digit of 1531452820?
5
What is the billions digit of 2125403408?
2
What is the units digit of 6046026?
6
What is the thousands digit of 4530274100?
4
What is the thousands digit of 324360749?
0
What is the units digit of 181212077?
7
What is the tens digit of 1049208207?
0
What is the ten thousands digit of 85498049?
9
What is the hundreds digit of 27608876?
8
What is the hundred millions digit of 627544173?
6
What is the hundreds digit of 117839538?
5
What is the millions digit of 1003242226?
3
What is the ten thousands digit of 424644176?
4
What is the units digit of 49308861?
1
What is the hundreds digit of 3347889618?
6
What is the millions digit of 5248406615?
8
What is the hundred thousands digit of 278860548?
8
What is the millions digit of 23172033?
3
What is the units digit of 158361606?
6
What is the tens digit of 42569